{"id":348,"date":"2024-12-11T15:35:17","date_gmt":"2024-12-11T14:35:17","guid":{"rendered":"https:\/\/web382.andrea.webhoster.ag\/wordpress\/?page_id=348"},"modified":"2024-12-11T15:37:41","modified_gmt":"2024-12-11T14:37:41","slug":"dorfabende-und-theaterspiele","status":"publish","type":"page","link":"https:\/\/ahrenvioelfeld.de\/wordpress\/dorfabende-und-theaterspiele\/","title":{"rendered":"Dorfabende und Theaterspiele"},"content":{"rendered":"\n<style type=\"text\/css\" data-created_by=\"avia_inline_auto\" id=\"style-css-av-m4ioeygy-9dd28cf79aa852328168f6ce97b9986a\">\n#top .av-special-heading.av-m4ioeygy-9dd28cf79aa852328168f6ce97b9986a{\npadding-bottom:10px;\n}\nbody .av-special-heading.av-m4ioeygy-9dd28cf79aa852328168f6ce97b9986a .av-special-heading-tag .heading-char{\nfont-size:25px;\n}\n.av-special-heading.av-m4ioeygy-9dd28cf79aa852328168f6ce97b9986a .av-subheading{\nfont-size:15px;\n}\n<\/style>\n<div  class='av-special-heading av-m4ioeygy-9dd28cf79aa852328168f6ce97b9986a av-special-heading-h3  avia-builder-el-0  el_before_av_hr  avia-builder-el-first '><h3 class='av-special-heading-tag '  itemprop=\"headline\"  >Dorfabende und Theaterspiele<\/h3><div class=\"special-heading-border\"><div class=\"special-heading-inner-border\"><\/div><\/div><\/div>\n<div  class='hr av-hkzb0-e6ee426bba7f8fe10e3663603f94a29c hr-default  avia-builder-el-1  el_after_av_heading  el_before_av_three_fourth '><span class='hr-inner '><span class=\"hr-inner-style\"><\/span><\/span><\/div>\n<div  class='flex_column av-9j09g-d56bad08407ba49d47d758f62dadc996 av_three_fourth  avia-builder-el-2  el_after_av_hr  el_before_av_one_fourth  first flex_column_div  '     ><section  class='av_textblock_section av-m4iofrqe-dfa11c6c3d91e5a486f449039f50eb35 '   itemscope=\"itemscope\" itemtype=\"https:\/\/schema.org\/CreativeWork\" ><div class='avia_textblock'  itemprop=\"text\" ><p>Seit 1982 wird erstmals auf Antrag und Programmgestaltung von Erwin Thomsen ein Dorfabend in der \u00bbFelsenburg\u00ab veranstaltet. Danach gestaltet die Gemeinde, anfangs zusammen mit der Feuerwehr, jedes Jahr mit einem gro\u00dfen Unterhaltungsprogramm f\u00fcr Jung und Alt, diesen Abend. Hierzu trat Andreas Hansen in den letzten Jahren mit seiner Kindertheatergruppe erfolgreich auf.<\/p>\n<p>Das Theaterspielen hat in Ahrenvi\u00f6lfeld eine lange Tradition, schon vor dem Krieg spielten unsere Eltern zu besonderen Anl\u00e4ssen Theater auf der B\u00fchne bei Wohlerts. Diese Tradition wurde bald nach dem Krieg, Anfang der 50er-Jahre, teilweise mit den \u00e4lteren Spielern, aber vor allem mit der j\u00fcngeren Generation wieder aufgenommen.<\/p>\n<p>Das erste Theaterst\u00fcck nach dem Krieg hie\u00df \u00bbDe Treckerbazillus\u00ab. Das St\u00fcck handelte von der Zeit, als die Trecker in der Landwirtschaft aufkamen. Es war eine Urauff\u00fchrung und war angeblich vom Ahrenvi\u00f6ler Heinrich Wohlert geschrieben worden. Die lokale Presse war mit dabei und berichtet damals in der Zeitung dar\u00fcber. Aber es wurden in den 50er- und 60er-Jahren auch jedes Jahr, damals haupts\u00e4chlich zum Feuerwehrfest regelm\u00e4\u00dfig mit eigenen Leuten interessante St\u00fccke aufgef\u00fchrt, wobei alle Akteure immer viel Spa\u00df hatten.<\/p>\n<p>In den folgenden Jahren lie\u00df das Interesse aber nach und Ahrenvi\u00f6lfeld besa\u00df keine eigene Theatergruppe mehr, bis Andreas Hansen als Hobbyspieler eine neue, talentierte Truppe aufbaute und uns jedes Jahr mit seinen Auff\u00fchrungen erfreut.<\/p>\n<p>Diese Laienspielgruppe hat inzwischen auch eine eigene B\u00fchne und hatte schon etliche Auftritte in den Nachbarorten. Zum 10j\u00e4hrigen Jubil\u00e4um 2004 hatten alle 15 Spieler, die in den 10 Jahren mitgespielt hatten, in einem gemeinsamen St\u00fcck noch mal ihren Auftritt.<\/p>\n<p>In den letzten Jahren baute Andreas Hansen mit interessierten Helfern eine Kindertheatergruppe auf, die ebenfalls gro\u00dfen Anklang findet. Mittlerweile wurde diese Gruppe von Bernd Thiele \u00fcbernommen.<\/p>\n<p>2014 feierte die Laienspielgruppe ihr 20. B\u00fchnenjubil\u00e4um. Sie erfreuen uns immer wieder beim Erntefest und bei den Dorfabenden mit neuen St\u00fccken und Auff\u00fchrungen. Mit ihrem Engagement tr\u00e4gt die Laienspielgruppe ma\u00dfgeblich zum Gelingen der beiden Dorfveranstaltungen bei. Wir sind ihnen deshalb zu gro\u00dfem Dank verpflichtet.<\/p>\n<\/div><\/section><\/div>\n<div  class='flex_column av-8dc9g-a1f84715be5f5f759f744276b5decf37 av_one_fourth  avia-builder-el-4  el_after_av_three_fourth  avia-builder-el-last  flex_column_div  '     ><p>\n<style type=\"text\/css\" data-created_by=\"avia_inline_auto\" id=\"style-css-av-m4jns8gb-55faadfe0e2c56fb9d6cfe3be11e2aa9\">\n.avia-image-container.av-m4jns8gb-55faadfe0e2c56fb9d6cfe3be11e2aa9 img.avia_image{\nbox-shadow:none;\n}\n.avia-image-container.av-m4jns8gb-55faadfe0e2c56fb9d6cfe3be11e2aa9 .av-image-caption-overlay-center{\ncolor:#ffffff;\n}\n<\/style>\n<div  class='avia-image-container av-m4jns8gb-55faadfe0e2c56fb9d6cfe3be11e2aa9 av-styling- avia-align-center  avia-builder-el-5  el_before_av_textblock  avia-builder-el-first '   itemprop=\"image\" itemscope=\"itemscope\" itemtype=\"https:\/\/schema.org\/ImageObject\" ><div class=\"avia-image-container-inner\"><div class=\"avia-image-overlay-wrap\"><img decoding=\"async\" fetchpriority=\"high\" class='wp-image-350 avia-img-lazy-loading-not-350 avia_image ' src=\"https:\/\/ahrenvioelfeld.de\/wordpress\/wp-content\/uploads\/2024\/12\/image002.jpg\" alt='' title='image002'  height=\"186\" width=\"288\"  itemprop=\"thumbnailUrl\"  \/><\/div><\/div><\/div><br \/>\n<section  class='av_textblock_section av-m4jnt7bh-76e14bdad05d0f99cb2fec1e11043c5e '   itemscope=\"itemscope\" itemtype=\"https:\/\/schema.org\/CreativeWork\" ><div class='avia_textblock'  itemprop=\"text\" ><p>1954\/55 v.l.: Claus Peter Hansen; Anita Retzlaf, geb. Wohlert; Bruno Schnack; Erich Petersen; Edith Hansen; Hannchen Werner; Carsten Hansen, Dreisprung<\/p>\n<\/div><\/section><br \/>\n\n<style type=\"text\/css\" data-created_by=\"avia_inline_auto\" id=\"style-css-av-m4jntmbk-f19acf44c848d1453884280e21074e38\">\n.avia-image-container.av-m4jntmbk-f19acf44c848d1453884280e21074e38 img.avia_image{\nbox-shadow:none;\n}\n.avia-image-container.av-m4jntmbk-f19acf44c848d1453884280e21074e38 .av-image-caption-overlay-center{\ncolor:#ffffff;\n}\n<\/style>\n<div  class='avia-image-container av-m4jntmbk-f19acf44c848d1453884280e21074e38 av-styling- avia-align-center  avia-builder-el-7  el_after_av_textblock  el_before_av_textblock '   itemprop=\"image\" itemscope=\"itemscope\" itemtype=\"https:\/\/schema.org\/ImageObject\" ><div class=\"avia-image-container-inner\"><div class=\"avia-image-overlay-wrap\"><img decoding=\"async\" fetchpriority=\"high\" class='wp-image-351 avia-img-lazy-loading-not-351 avia_image ' src=\"https:\/\/ahrenvioelfeld.de\/wordpress\/wp-content\/uploads\/2024\/12\/image004-1.jpg\" alt='' title='image004'  height=\"186\" width=\"285\"  itemprop=\"thumbnailUrl\"  \/><\/div><\/div><\/div><br \/>\n<section  class='av_textblock_section av-m4jnu6tt-b047549c5a5b62ac5cc658fd82b08495 '   itemscope=\"itemscope\" itemtype=\"https:\/\/schema.org\/CreativeWork\" ><div class='avia_textblock'  itemprop=\"text\" ><p>1966\/67 v.l.: Heinrich Schnack, Helmut Wesemann, Hannchen Werner, Erwin Thomsen, Gretchen Petersen<\/p>\n<\/div><\/section><br \/>\n\n<style type=\"text\/css\" data-created_by=\"avia_inline_auto\" id=\"style-css-av-m4jnuhsw-2a181f1799c6156b79969a2cf09abb93\">\n.avia-image-container.av-m4jnuhsw-2a181f1799c6156b79969a2cf09abb93 img.avia_image{\nbox-shadow:none;\n}\n.avia-image-container.av-m4jnuhsw-2a181f1799c6156b79969a2cf09abb93 .av-image-caption-overlay-center{\ncolor:#ffffff;\n}\n<\/style>\n<div  class='avia-image-container av-m4jnuhsw-2a181f1799c6156b79969a2cf09abb93 av-styling- avia-align-center  avia-builder-el-9  el_after_av_textblock  el_before_av_textblock '   itemprop=\"image\" itemscope=\"itemscope\" itemtype=\"https:\/\/schema.org\/ImageObject\" ><div class=\"avia-image-container-inner\"><div class=\"avia-image-overlay-wrap\"><img decoding=\"async\" fetchpriority=\"high\" class='wp-image-352 avia-img-lazy-loading-not-352 avia_image ' src=\"https:\/\/ahrenvioelfeld.de\/wordpress\/wp-content\/uploads\/2024\/12\/image006.jpg\" alt='' title='image006'  height=\"171\" width=\"285\"  itemprop=\"thumbnailUrl\"  \/><\/div><\/div><\/div><br \/>\n<section  class='av_textblock_section av-m4jnv2ee-2c83140140ff054d6662eeb7684b5691 '   itemscope=\"itemscope\" itemtype=\"https:\/\/schema.org\/CreativeWork\" ><div class='avia_textblock'  itemprop=\"text\" ><p>2004 v.l.: Sven Hansen, Ingo Schweder, Hans Thomas Hansen, Andreas Hansen, Alrun Petersen, Heide Wesemann, Torben Hansen, Karin Petersen, Kirsten Thiesen, Christa Wesemann, Astrid Petersen, Brigitte Petersen, Gitta Petersen, Alexandra Sa\u00df. Es fehlen: Claus J\u00fcrgen Hansen u. Hauke Thiesen<\/p>\n<\/div><\/section><\/p><\/div>\n","protected":false},"excerpt":{"rendered":"","protected":false},"author":1,"featured_media":0,"parent":0,"menu_order":0,"comment_status":"closed","ping_status":"closed","template":"","meta":{"footnotes":""},"class_list":["post-348","page","type-page","status-publish","hentry"],"_links":{"self":[{"href":"https:\/\/ahrenvioelfeld.de\/wordpress\/wp-json\/wp\/v2\/pages\/348","targetHints":{"allow":["GET"]}}],"collection":[{"href":"https:\/\/ahrenvioelfeld.de\/wordpress\/wp-json\/wp\/v2\/pages"}],"about":[{"href":"https:\/\/ahrenvioelfeld.de\/wordpress\/wp-json\/wp\/v2\/types\/page"}],"author":[{"embeddable":true,"href":"https:\/\/ahrenvioelfeld.de\/wordpress\/wp-json\/wp\/v2\/users\/1"}],"replies":[{"embeddable":true,"href":"https:\/\/ahrenvioelfeld.de\/wordpress\/wp-json\/wp\/v2\/comments?post=348"}],"version-history":[{"count":3,"href":"https:\/\/ahrenvioelfeld.de\/wordpress\/wp-json\/wp\/v2\/pages\/348\/revisions"}],"predecessor-version":[{"id":413,"href":"https:\/\/ahrenvioelfeld.de\/wordpress\/wp-json\/wp\/v2\/pages\/348\/revisions\/413"}],"wp:attachment":[{"href":"https:\/\/ahrenvioelfeld.de\/wordpress\/wp-json\/wp\/v2\/media?parent=348"}],"curies":[{"name":"wp","href":"https:\/\/api.w.org\/{rel}","templated":true}]}}

<style type="text/css" data-created_by="avia_inline_auto" id="style-css-av-m4ioeygy-9dd28cf79aa852328168f6ce97b9986a">
#top .av-special-heading.av-m4ioeygy-9dd28cf79aa852328168f6ce97b9986a{
padding-bottom:10px;
}
body .av-special-heading.av-m4ioeygy-9dd28cf79aa852328168f6ce97b9986a .av-special-heading-tag .heading-char{
font-size:25px;
}
.av-special-heading.av-m4ioeygy-9dd28cf79aa852328168f6ce97b9986a .av-subheading{
font-size:15px;
}
</style>
<div  class='av-special-heading av-m4ioeygy-9dd28cf79aa852328168f6ce97b9986a av-special-heading-h3  avia-builder-el-0  el_before_av_hr  avia-builder-el-first '><h3 class='av-special-heading-tag '  itemprop="headline"  >Dorfabende und Theaterspiele</h3><div class="special-heading-border"><div class="special-heading-inner-border"></div></div></div>
<div  class='hr av-hkzb0-e6ee426bba7f8fe10e3663603f94a29c hr-default  avia-builder-el-1  el_after_av_heading  el_before_av_three_fourth '><span class='hr-inner '><span class="hr-inner-style"></span></span></div>
<div  class='flex_column av-9j09g-d56bad08407ba49d47d758f62dadc996 av_three_fourth  avia-builder-el-2  el_after_av_hr  el_before_av_one_fourth  first flex_column_div  '     ><section  class='av_textblock_section av-m4iofrqe-dfa11c6c3d91e5a486f449039f50eb35 '   itemscope="itemscope" itemtype="https://schema.org/CreativeWork" ><div class='avia_textblock'  itemprop="text" ><p>Seit 1982 wird erstmals auf Antrag und Programmgestaltung von Erwin Thomsen ein Dorfabend in der »Felsenburg« veranstaltet. Danach gestaltet die Gemeinde, anfangs zusammen mit der Feuerwehr, jedes Jahr mit einem großen Unterhaltungsprogramm für Jung und Alt, diesen Abend. Hierzu trat Andreas Hansen in den letzten Jahren mit seiner Kindertheatergruppe erfolgreich auf.</p>
<p>Das Theaterspielen hat in Ahrenviölfeld eine lange Tradition, schon vor dem Krieg spielten unsere Eltern zu besonderen Anlässen Theater auf der Bühne bei Wohlerts. Diese Tradition wurde bald nach dem Krieg, Anfang der 50er-Jahre, teilweise mit den älteren Spielern, aber vor allem mit der jüngeren Generation wieder aufgenommen.</p>
<p>Das erste Theaterstück nach dem Krieg hieß »De Treckerbazillus«. Das Stück handelte von der Zeit, als die Trecker in der Landwirtschaft aufkamen. Es war eine Uraufführung und war angeblich vom Ahrenviöler Heinrich Wohlert geschrieben worden. Die lokale Presse war mit dabei und berichtet damals in der Zeitung darüber. Aber es wurden in den 50er- und 60er-Jahren auch jedes Jahr, damals hauptsächlich zum Feuerwehrfest regelmäßig mit eigenen Leuten interessante Stücke aufgeführt, wobei alle Akteure immer viel Spaß hatten.</p>
<p>In den folgenden Jahren ließ das Interesse aber nach und Ahrenviölfeld besaß keine eigene Theatergruppe mehr, bis Andreas Hansen als Hobbyspieler eine neue, talentierte Truppe aufbaute und uns jedes Jahr mit seinen Aufführungen erfreut.</p>
<p>Diese Laienspielgruppe hat inzwischen auch eine eigene Bühne und hatte schon etliche Auftritte in den Nachbarorten. Zum 10jährigen Jubiläum 2004 hatten alle 15 Spieler, die in den 10 Jahren mitgespielt hatten, in einem gemeinsamen Stück noch mal ihren Auftritt.</p>
<p>In den letzten Jahren baute Andreas Hansen mit interessierten Helfern eine Kindertheatergruppe auf, die ebenfalls großen Anklang findet. Mittlerweile wurde diese Gruppe von Bernd Thiele übernommen.</p>
<p>2014 feierte die Laienspielgruppe ihr 20. Bühnenjubiläum. Sie erfreuen uns immer wieder beim Erntefest und bei den Dorfabenden mit neuen Stücken und Aufführungen. Mit ihrem Engagement trägt die Laienspielgruppe maßgeblich zum Gelingen der beiden Dorfveranstaltungen bei. Wir sind ihnen deshalb zu großem Dank verpflichtet.</p>
</div></section></div>
<div  class='flex_column av-8dc9g-a1f84715be5f5f759f744276b5decf37 av_one_fourth  avia-builder-el-4  el_after_av_three_fourth  avia-builder-el-last  flex_column_div  '     ><p>
<style type="text/css" data-created_by="avia_inline_auto" id="style-css-av-m4jns8gb-55faadfe0e2c56fb9d6cfe3be11e2aa9">
.avia-image-container.av-m4jns8gb-55faadfe0e2c56fb9d6cfe3be11e2aa9 img.avia_image{
box-shadow:none;
}
.avia-image-container.av-m4jns8gb-55faadfe0e2c56fb9d6cfe3be11e2aa9 .av-image-caption-overlay-center{
color:#ffffff;
}
</style>
<div  class='avia-image-container av-m4jns8gb-55faadfe0e2c56fb9d6cfe3be11e2aa9 av-styling- avia-align-center  avia-builder-el-5  el_before_av_textblock  avia-builder-el-first '   itemprop="image" itemscope="itemscope" itemtype="https://schema.org/ImageObject" ><div class="avia-image-container-inner"><div class="avia-image-overlay-wrap"><img decoding="async" fetchpriority="high" class='wp-image-350 avia-img-lazy-loading-not-350 avia_image ' src="https://ahrenvioelfeld.de/wordpress/wp-content/uploads/2024/12/image002.jpg" alt='' title='image002'  height="186" width="288"  itemprop="thumbnailUrl"  /></div></div></div><br />
<section  class='av_textblock_section av-m4jnt7bh-76e14bdad05d0f99cb2fec1e11043c5e '   itemscope="itemscope" itemtype="https://schema.org/CreativeWork" ><div class='avia_textblock'  itemprop="text" ><p>1954/55 v.l.: Claus Peter Hansen; Anita Retzlaf, geb. Wohlert; Bruno Schnack; Erich Petersen; Edith Hansen; Hannchen Werner; Carsten Hansen, Dreisprung</p>
</div></section><br />

<style type="text/css" data-created_by="avia_inline_auto" id="style-css-av-m4jntmbk-f19acf44c848d1453884280e21074e38">
.avia-image-container.av-m4jntmbk-f19acf44c848d1453884280e21074e38 img.avia_image{
box-shadow:none;
}
.avia-image-container.av-m4jntmbk-f19acf44c848d1453884280e21074e38 .av-image-caption-overlay-center{
color:#ffffff;
}
</style>
<div  class='avia-image-container av-m4jntmbk-f19acf44c848d1453884280e21074e38 av-styling- avia-align-center  avia-builder-el-7  el_after_av_textblock  el_before_av_textblock '   itemprop="image" itemscope="itemscope" itemtype="https://schema.org/ImageObject" ><div class="avia-image-container-inner"><div class="avia-image-overlay-wrap"><img decoding="async" fetchpriority="high" class='wp-image-351 avia-img-lazy-loading-not-351 avia_image ' src="https://ahrenvioelfeld.de/wordpress/wp-content/uploads/2024/12/image004-1.jpg" alt='' title='image004'  height="186" width="285"  itemprop="thumbnailUrl"  /></div></div></div><br />
<section  class='av_textblock_section av-m4jnu6tt-b047549c5a5b62ac5cc658fd82b08495 '   itemscope="itemscope" itemtype="https://schema.org/CreativeWork" ><div class='avia_textblock'  itemprop="text" ><p>1966/67 v.l.: Heinrich Schnack, Helmut Wesemann, Hannchen Werner, Erwin Thomsen, Gretchen Petersen</p>
</div></section><br />

<style type="text/css" data-created_by="avia_inline_auto" id="style-css-av-m4jnuhsw-2a181f1799c6156b79969a2cf09abb93">
.avia-image-container.av-m4jnuhsw-2a181f1799c6156b79969a2cf09abb93 img.avia_image{
box-shadow:none;
}
.avia-image-container.av-m4jnuhsw-2a181f1799c6156b79969a2cf09abb93 .av-image-caption-overlay-center{
color:#ffffff;
}
</style>
<div  class='avia-image-container av-m4jnuhsw-2a181f1799c6156b79969a2cf09abb93 av-styling- avia-align-center  avia-builder-el-9  el_after_av_textblock  el_before_av_textblock '   itemprop="image" itemscope="itemscope" itemtype="https://schema.org/ImageObject" ><div class="avia-image-container-inner"><div class="avia-image-overlay-wrap"><img decoding="async" fetchpriority="high" class='wp-image-352 avia-img-lazy-loading-not-352 avia_image ' src="https://ahrenvioelfeld.de/wordpress/wp-content/uploads/2024/12/image006.jpg" alt='' title='image006'  height="171" width="285"  itemprop="thumbnailUrl"  /></div></div></div><br />
<section  class='av_textblock_section av-m4jnv2ee-2c83140140ff054d6662eeb7684b5691 '   itemscope="itemscope" itemtype="https://schema.org/CreativeWork" ><div class='avia_textblock'  itemprop="text" ><p>2004 v.l.: Sven Hansen, Ingo Schweder, Hans Thomas Hansen, Andreas Hansen, Alrun Petersen, Heide Wesemann, Torben Hansen, Karin Petersen, Kirsten Thiesen, Christa Wesemann, Astrid Petersen, Brigitte Petersen, Gitta Petersen, Alexandra Saß. Es fehlen: Claus Jürgen Hansen u. Hauke Thiesen</p>
</div></section></p></div>
