{"id":305,"date":"2024-12-11T15:35:42","date_gmt":"2024-12-11T14:35:42","guid":{"rendered":"https:\/\/web382.andrea.webhoster.ag\/wordpress\/?page_id=305"},"modified":"2024-12-19T15:21:09","modified_gmt":"2024-12-19T14:21:09","slug":"geschichte","status":"publish","type":"page","link":"https:\/\/ahrenvioelfeld.de\/wordpress\/geschichte\/","title":{"rendered":"Geschichte"},"content":{"rendered":"\n<style type=\"text\/css\" data-created_by=\"avia_inline_auto\" id=\"style-css-av-m4in98gs-373817ca681c7cbf949948b09d847b0f\">\n#top .av-special-heading.av-m4in98gs-373817ca681c7cbf949948b09d847b0f{\npadding-bottom:10px;\n}\nbody .av-special-heading.av-m4in98gs-373817ca681c7cbf949948b09d847b0f .av-special-heading-tag .heading-char{\nfont-size:25px;\n}\n.av-special-heading.av-m4in98gs-373817ca681c7cbf949948b09d847b0f .av-subheading{\nfont-size:15px;\n}\n<\/style>\n<div  class='av-special-heading av-m4in98gs-373817ca681c7cbf949948b09d847b0f av-special-heading-h3  avia-builder-el-0  el_before_av_hr  avia-builder-el-first '><h3 class='av-special-heading-tag '  itemprop=\"headline\"  >Geschichte von Ahrenvi\u00f6lfeld<\/h3><div class=\"special-heading-border\"><div class=\"special-heading-inner-border\"><\/div><\/div><\/div>\n<div  class='hr av-m4ine0ym-840f6c62a72f94b7b066945d483e6fd7 hr-big  avia-builder-el-1  el_after_av_heading  el_before_av_two_third '><span class='hr-inner '><span class=\"hr-inner-style\"><\/span><\/span><\/div>\n<div  class='flex_column av-ezal5-52f54c8f2cf14400057cf836d767b512 av_two_third  avia-builder-el-2  el_after_av_hr  el_before_av_one_fourth  first flex_column_div  '     ><section  class='av_textblock_section av-m4ina1cn-f76b5bce04757ddc5f4856d5a2362136 '   itemscope=\"itemscope\" itemtype=\"https:\/\/schema.org\/CreativeWork\" ><div class='avia_textblock'  itemprop=\"text\" ><p>Die Ahrenvi\u00f6lfelder Feldmark geh\u00f6rte bis 1934 (Trennung von Ahrenvi\u00f6l) zur Dorfschaft (Gemeinde) Ahrenvi\u00f6l,<br \/>\ndeshalb ist die Geschichte von Ahrenvi\u00f6lfeld sehr eng mit der Geschichte und der Entwicklung von Ahrenvi\u00f6l<br \/>\nverbunden. Dies kann man ausf\u00fchrlich in der Chronik von Ahrenvi\u00f6l von 1984 nachlesen.<br \/>\nEs wurde sich deshalb mehr auf die Besiedlung der Osterheide, wie die Feldmark damals genannt wurde,<br \/>\nund die Siedler, die hier gelebt und gewirkt haben, bezogen. Sie haben den Grundstein f\u00fcr das heutige<br \/>\nAhrenvi\u00f6lfeld gelegt.<\/p>\n<p>Ahrenvi\u00f6l ist auf einer Anh\u00f6he gelegen, es hat eine sehr alte Besiedlung und wurde schon um 1300 als &#8222;Arenfyold&#8220;<br \/>\nerw\u00e4hnt. Ahrn hei\u00dft im J\u00fctischen &#8222;Adler&#8220;, und Fyolde hohes Feld oder hoher Berg.<br \/>\nArenfyold bedeutete also: Auf dem Berg, wo sich die Adler aufgehalten haben.<\/p>\n<p>Es ist sehr wahrscheinlich schon im vierten oder f\u00fcnften Jahrhundert n. Chr. besiedelt worden,<br \/>\naber ein Dorf wurde wohl erst sp\u00e4ter gegr\u00fcndet. Ahrenvi\u00f6l geh\u00f6rte fr\u00fcher gemeinsam mit den D\u00f6rfern s\u00fcdlich der<br \/>\nArlau und westlich der Treene zu der S\u00fcdergoosharde, die sp\u00e4ter das Amt Husum bildeten, w\u00e4hrend die D\u00f6rfer n\u00f6rdlich<br \/>\nder Arlau zur Nordergoosharde geh\u00f6rten. Die Gemarkung um Ahrenvi\u00f6l war eine Gegend mit viel Wald, Heide,<br \/>\nMoor und S\u00fcmpfen. Davon zeugen auch die Flurnamen wie: Kier, Holzkoppel, Moorkoppel, Bornh\u00f6ved.<br \/>\nDass die Moorwiesen an der Arlau und an der Grumsholmer-Beek fr\u00fcher bewaldet waren, kann man an den Resten der<br \/>\nBaumst\u00fcmpfe und St\u00e4mme sehen, die \u00fcberall in den Wiesen und im Westermoor etwa einen halben Meter unter der<br \/>\nOberfl\u00e4che heute noch gefunden werden.<\/p>\n<\/div><\/section><\/div>\n<div  class='flex_column av-acyxl-d6d3b3e67d9e556fff0bdc1fef46cedd av_one_fourth  avia-builder-el-4  el_after_av_two_third  avia-builder-el-last  flex_column_div  '     ><p><section  class='av_textblock_section av-m4veqz3u-da246052dcc850d2ddc93be2193344b4 '   itemscope=\"itemscope\" itemtype=\"https:\/\/schema.org\/CreativeWork\" ><div class='avia_textblock'  itemprop=\"text\" ><p>Die Chronik \u00fcber die Geschichte von Ahrenvi\u00f6lfeld kann beim B\u00fcrgermeister k\u00e4uflich erworben werden.<\/p>\n<\/div><\/section><br \/>\n<div  class='hr av-av_hr-91d7ccd583a503147498e120fee2ff9b hr-default  avia-builder-el-6  el_after_av_textblock  el_before_av_image '><span class='hr-inner '><span class=\"hr-inner-style\"><\/span><\/span><\/div><br \/>\n\n<style type=\"text\/css\" data-created_by=\"avia_inline_auto\" id=\"style-css-av-m4inay2f-876a08f4e2cf5af394c00e915eef5401\">\n.avia-image-container.av-m4inay2f-876a08f4e2cf5af394c00e915eef5401 img.avia_image{\nbox-shadow:none;\n}\n.avia-image-container.av-m4inay2f-876a08f4e2cf5af394c00e915eef5401 .av-image-caption-overlay-center{\ncolor:#ffffff;\n}\n<\/style>\n<div  class='avia-image-container av-m4inay2f-876a08f4e2cf5af394c00e915eef5401 av-styling- avia-align-center  avia-builder-el-7  el_after_av_hr  avia-builder-el-last '   itemprop=\"image\" itemscope=\"itemscope\" itemtype=\"https:\/\/schema.org\/ImageObject\" ><div class=\"avia-image-container-inner\"><div class=\"avia-image-overlay-wrap\"><img decoding=\"async\" fetchpriority=\"high\" class='wp-image-306 avia-img-lazy-loading-not-306 avia_image ' src=\"https:\/\/ahrenvioelfeld.de\/wordpress\/wp-content\/uploads\/2024\/12\/IMG_2871-225x300.jpg\" alt='' title='IMG_2871'  height=\"300\" width=\"225\"  itemprop=\"thumbnailUrl\" srcset=\"https:\/\/ahrenvioelfeld.de\/wordpress\/wp-content\/uploads\/2024\/12\/IMG_2871-225x300.jpg 225w, https:\/\/ahrenvioelfeld.de\/wordpress\/wp-content\/uploads\/2024\/12\/IMG_2871.jpg 480w\" sizes=\"(max-width: 225px) 100vw, 225px\" \/><\/div><\/div><\/div><\/p><\/div>\n","protected":false},"excerpt":{"rendered":"","protected":false},"author":1,"featured_media":0,"parent":0,"menu_order":0,"comment_status":"closed","ping_status":"closed","template":"","meta":{"footnotes":""},"class_list":["post-305","page","type-page","status-publish","hentry"],"_links":{"self":[{"href":"https:\/\/ahrenvioelfeld.de\/wordpress\/wp-json\/wp\/v2\/pages\/305","targetHints":{"allow":["GET"]}}],"collection":[{"href":"https:\/\/ahrenvioelfeld.de\/wordpress\/wp-json\/wp\/v2\/pages"}],"about":[{"href":"https:\/\/ahrenvioelfeld.de\/wordpress\/wp-json\/wp\/v2\/types\/page"}],"author":[{"embeddable":true,"href":"https:\/\/ahrenvioelfeld.de\/wordpress\/wp-json\/wp\/v2\/users\/1"}],"replies":[{"embeddable":true,"href":"https:\/\/ahrenvioelfeld.de\/wordpress\/wp-json\/wp\/v2\/comments?post=305"}],"version-history":[{"count":6,"href":"https:\/\/ahrenvioelfeld.de\/wordpress\/wp-json\/wp\/v2\/pages\/305\/revisions"}],"predecessor-version":[{"id":810,"href":"https:\/\/ahrenvioelfeld.de\/wordpress\/wp-json\/wp\/v2\/pages\/305\/revisions\/810"}],"wp:attachment":[{"href":"https:\/\/ahrenvioelfeld.de\/wordpress\/wp-json\/wp\/v2\/media?parent=305"}],"curies":[{"name":"wp","href":"https:\/\/api.w.org\/{rel}","templated":true}]}}

<style type="text/css" data-created_by="avia_inline_auto" id="style-css-av-m4in98gs-373817ca681c7cbf949948b09d847b0f">
#top .av-special-heading.av-m4in98gs-373817ca681c7cbf949948b09d847b0f{
padding-bottom:10px;
}
body .av-special-heading.av-m4in98gs-373817ca681c7cbf949948b09d847b0f .av-special-heading-tag .heading-char{
font-size:25px;
}
.av-special-heading.av-m4in98gs-373817ca681c7cbf949948b09d847b0f .av-subheading{
font-size:15px;
}
</style>
<div  class='av-special-heading av-m4in98gs-373817ca681c7cbf949948b09d847b0f av-special-heading-h3  avia-builder-el-0  el_before_av_hr  avia-builder-el-first '><h3 class='av-special-heading-tag '  itemprop="headline"  >Geschichte von Ahrenviölfeld</h3><div class="special-heading-border"><div class="special-heading-inner-border"></div></div></div>
<div  class='hr av-m4ine0ym-840f6c62a72f94b7b066945d483e6fd7 hr-big  avia-builder-el-1  el_after_av_heading  el_before_av_two_third '><span class='hr-inner '><span class="hr-inner-style"></span></span></div>
<div  class='flex_column av-ezal5-52f54c8f2cf14400057cf836d767b512 av_two_third  avia-builder-el-2  el_after_av_hr  el_before_av_one_fourth  first flex_column_div  '     ><section  class='av_textblock_section av-m4ina1cn-f76b5bce04757ddc5f4856d5a2362136 '   itemscope="itemscope" itemtype="https://schema.org/CreativeWork" ><div class='avia_textblock'  itemprop="text" ><p>Die Ahrenviölfelder Feldmark gehörte bis 1934 (Trennung von Ahrenviöl) zur Dorfschaft (Gemeinde) Ahrenviöl,<br />
deshalb ist die Geschichte von Ahrenviölfeld sehr eng mit der Geschichte und der Entwicklung von Ahrenviöl<br />
verbunden. Dies kann man ausführlich in der Chronik von Ahrenviöl von 1984 nachlesen.<br />
Es wurde sich deshalb mehr auf die Besiedlung der Osterheide, wie die Feldmark damals genannt wurde,<br />
und die Siedler, die hier gelebt und gewirkt haben, bezogen. Sie haben den Grundstein für das heutige<br />
Ahrenviölfeld gelegt.</p>
<p>Ahrenviöl ist auf einer Anhöhe gelegen, es hat eine sehr alte Besiedlung und wurde schon um 1300 als &#8222;Arenfyold&#8220;<br />
erwähnt. Ahrn heißt im Jütischen &#8222;Adler&#8220;, und Fyolde hohes Feld oder hoher Berg.<br />
Arenfyold bedeutete also: Auf dem Berg, wo sich die Adler aufgehalten haben.</p>
<p>Es ist sehr wahrscheinlich schon im vierten oder fünften Jahrhundert n. Chr. besiedelt worden,<br />
aber ein Dorf wurde wohl erst später gegründet. Ahrenviöl gehörte früher gemeinsam mit den Dörfern südlich der<br />
Arlau und westlich der Treene zu der Südergoosharde, die später das Amt Husum bildeten, während die Dörfer nördlich<br />
der Arlau zur Nordergoosharde gehörten. Die Gemarkung um Ahrenviöl war eine Gegend mit viel Wald, Heide,<br />
Moor und Sümpfen. Davon zeugen auch die Flurnamen wie: Kier, Holzkoppel, Moorkoppel, Bornhöved.<br />
Dass die Moorwiesen an der Arlau und an der Grumsholmer-Beek früher bewaldet waren, kann man an den Resten der<br />
Baumstümpfe und Stämme sehen, die überall in den Wiesen und im Westermoor etwa einen halben Meter unter der<br />
Oberfläche heute noch gefunden werden.</p>
</div></section></div>
<div  class='flex_column av-acyxl-d6d3b3e67d9e556fff0bdc1fef46cedd av_one_fourth  avia-builder-el-4  el_after_av_two_third  avia-builder-el-last  flex_column_div  '     ><p><section  class='av_textblock_section av-m4veqz3u-da246052dcc850d2ddc93be2193344b4 '   itemscope="itemscope" itemtype="https://schema.org/CreativeWork" ><div class='avia_textblock'  itemprop="text" ><p>Die Chronik über die Geschichte von Ahrenviölfeld kann beim Bürgermeister käuflich erworben werden.</p>
</div></section><br />
<div  class='hr av-av_hr-91d7ccd583a503147498e120fee2ff9b hr-default  avia-builder-el-6  el_after_av_textblock  el_before_av_image '><span class='hr-inner '><span class="hr-inner-style"></span></span></div><br />

<style type="text/css" data-created_by="avia_inline_auto" id="style-css-av-m4inay2f-876a08f4e2cf5af394c00e915eef5401">
.avia-image-container.av-m4inay2f-876a08f4e2cf5af394c00e915eef5401 img.avia_image{
box-shadow:none;
}
.avia-image-container.av-m4inay2f-876a08f4e2cf5af394c00e915eef5401 .av-image-caption-overlay-center{
color:#ffffff;
}
</style>
<div  class='avia-image-container av-m4inay2f-876a08f4e2cf5af394c00e915eef5401 av-styling- avia-align-center  avia-builder-el-7  el_after_av_hr  avia-builder-el-last '   itemprop="image" itemscope="itemscope" itemtype="https://schema.org/ImageObject" ><div class="avia-image-container-inner"><div class="avia-image-overlay-wrap"><img decoding="async" fetchpriority="high" class='wp-image-306 avia-img-lazy-loading-not-306 avia_image ' src="https://ahrenvioelfeld.de/wordpress/wp-content/uploads/2024/12/IMG_2871-225x300.jpg" alt='' title='IMG_2871'  height="300" width="225"  itemprop="thumbnailUrl" srcset="https://ahrenvioelfeld.de/wordpress/wp-content/uploads/2024/12/IMG_2871-225x300.jpg 225w, https://ahrenvioelfeld.de/wordpress/wp-content/uploads/2024/12/IMG_2871.jpg 480w" sizes="(max-width: 225px) 100vw, 225px" /></div></div></div></p></div>
